{"version":"1.0","provider_name":"Bati Ermenistan Ve Bati Ermenileri Sorunlari Ara\u015ftirmalar Merkezi","provider_url":"https:\/\/akunq.net\/turkish","author_name":"kalem","author_url":"https:\/\/akunq.net\/turkish\/author\/kalem\/","title":"''M\u00fcsl\u00fcman mezarl\u0131\u011f\u0131nda Hristiyan olmaz'' - Bati Ermenistan Ve Bati Ermenileri Sorunlari Ara\u015ftirmalar Merkezi","type":"rich","width":600,"height":338,"html":"<blockquote class=\"wp-embedded-content\" data-secret=\"ptm7o66TPg\"><a href=\"https:\/\/akunq.net\/turkish\/2010\/12\/11\/musluman-mezarliginda-hristiyan-olmaz\/\">&#8221;M\u00fcsl\u00fcman mezarl\u0131\u011f\u0131nda Hristiyan olmaz&#8221;<\/a><\/blockquote><iframe sandbox=\"allow-scripts\" security=\"restricted\" src=\"https:\/\/akunq.net\/turkish\/2010\/12\/11\/musluman-mezarliginda-hristiyan-olmaz\/embed\/#?secret=ptm7o66TPg\" width=\"600\" height=\"338\" title=\"&#8220;&#8221;M\u00fcsl\u00fcman mezarl\u0131\u011f\u0131nda Hristiyan olmaz&#8221;&#8221; &#8212; Bati Ermenistan Ve Bati Ermenileri Sorunlari Ara\u015ftirmalar Merkezi\" data-secret=\"ptm7o66TPg\" frameborder=\"0\" marginwidth=\"0\" marginheight=\"0\" scrolling=\"no\" class=\"wp-embedded-content\"><\/iframe><script>\n\/*! This file is auto-generated *\/\n!function(d,l){\"use strict\";l.querySelector&&d.addEventListener&&\"undefined\"!=typeof URL&&(d.wp=d.wp||{},d.wp.receiveEmbedMessage||(d.wp.receiveEmbedMessage=function(e){var t=e.data;if((t||t.secret||t.message||t.value)&&!\/[^a-zA-Z0-9]\/.test(t.secret)){for(var s,r,n,a=l.querySelectorAll('iframe[data-secret=\"'+t.secret+'\"]'),o=l.querySelectorAll('blockquote[data-secret=\"'+t.secret+'\"]'),c=new RegExp(\"^https?:$\",\"i\"),i=0;i<o.length;i++)o[i].style.display=\"none\";for(i=0;i<a.length;i++)s=a[i],e.source===s.contentWindow&&(s.removeAttribute(\"style\"),\"height\"===t.message?(1e3<(r=parseInt(t.value,10))?r=1e3:~~r<200&&(r=200),s.height=r):\"link\"===t.message&&(r=new URL(s.getAttribute(\"src\")),n=new URL(t.value),c.test(n.protocol))&&n.host===r.host&&l.activeElement===s&&(d.top.location.href=t.value))}},d.addEventListener(\"message\",d.wp.receiveEmbedMessage,!1),l.addEventListener(\"DOMContentLoaded\",function(){for(var e,t,s=l.querySelectorAll(\"iframe.wp-embedded-content\"),r=0;r<s.length;r++)(t=(e=s[r]).getAttribute(\"data-secret\"))||(t=Math.random().toString(36).substring(2,12),e.src+=\"#?secret=\"+t,e.setAttribute(\"data-secret\",t)),e.contentWindow.postMessage({message:\"ready\",secret:t},\"*\")},!1)))}(window,document);\n\/\/# sourceURL=https:\/\/akunq.net\/turkish\/wp-includes\/js\/wp-embed.min.js\n<\/script>\n","description":"T\u00fcrkler itiraz etti, Kanadal\u0131 diplomat\u0131n mezar\u0131 ta\u015f\u0131nd\u0131.\u00a0 Mu\u011fla&#8217;n\u0131n Bodrum \u0130l\u00e7esi&#8217;ne 6 y\u0131l \u00f6nce yerle\u015fen Alman as\u0131ll\u0131 Kanadal\u0131 emekli diplomat Hans Himmelbach, ekim ay\u0131nda ya\u015fam\u0131n\u0131 yitirince, vasiyeti gere\u011fi T\u00fcrk e\u015fi taraf\u0131ndan Torba Mezarl\u0131\u011f\u0131&#8217;na defnedildi. Ancak \u00e7evreden gelen &#8221;M\u00fcsl\u00fcman mezarl\u0131\u011f\u0131nda Hristiyan olmaz&#8221; tepkisi \u00fczerine Himmelbach&#8217;\u0131n mezar\u0131, mezarl\u0131\u011f\u0131n \u00fccra bir k\u00f6\u015fesine ta\u015f\u0131nd\u0131. Alman as\u0131ll\u0131 Kanadal\u0131 emekli diplomat Hans [&hellip;]"}

Bati Ermenistan Ve Bati Ermenileri Sorunlari Araştirmalar Merkezi

''Müslüman mezarlığında Hristiyan olmaz'' - Bati Ermenistan Ve Bati Ermenileri Sorunlari Araştirmalar Merkezi

<blockquote class="wp-embedded-content" data-secret="ptm7o66TPg"><a href="https://akunq.net/turkish/2010/12/11/musluman-mezarliginda-hristiyan-olmaz/">&#8221;Müslüman mezarlığında Hristiyan olmaz&#8221;</a></blockquote><iframe sandbox="allow-scripts" security="restricted" src="https://akunq.net/turkish/2010/12/11/musluman-mezarliginda-hristiyan-olmaz/embed/#?secret=ptm7o66TPg" width="600" height="338" title="&#8220;&#8221;Müslüman mezarlığında Hristiyan olmaz&#8221;&#8221; &#8212; Bati Ermenistan Ve Bati Ermenileri Sorunlari Araştirmalar Merkezi" data-secret="ptm7o66TPg" frameborder="0" marginwidth="0" marginheight="0" scrolling="no" class="wp-embedded-content"></iframe><script>
/*! This file is auto-generated */
!function(d,l){"use strict";l.querySelector&&d.addEventListener&&"undefined"!=typeof URL&&(d.wp=d.wp||{},d.wp.receiveEmbedMessage||(d.wp.receiveEmbedMessage=function(e){var t=e.data;if((t||t.secret||t.message||t.value)&&!/[^a-zA-Z0-9]/.test(t.secret)){for(var s,r,n,a=l.querySelectorAll('iframe[data-secret="'+t.secret+'"]'),o=l.querySelectorAll('blockquote[data-secret="'+t.secret+'"]'),c=new RegExp("^https?:$","i"),i=0;i<o.length;i++)o[i].style.display="none";for(i=0;i<a.length;i++)s=a[i],e.source===s.contentWindow&&(s.removeAttribute("style"),"height"===t.message?(1e3<(r=parseInt(t.value,10))?r=1e3:~~r<200&&(r=200),s.height=r):"link"===t.message&&(r=new URL(s.getAttribute("src")),n=new URL(t.value),c.test(n.protocol))&&n.host===r.host&&l.activeElement===s&&(d.top.location.href=t.value))}},d.addEventListener("message",d.wp.receiveEmbedMessage,!1),l.addEventListener("DOMContentLoaded",function(){for(var e,t,s=l.querySelectorAll("iframe.wp-embedded-content"),r=0;r<s.length;r++)(t=(e=s[r]).getAttribute("data-secret"))||(t=Math.random().toString(36).substring(2,12),e.src+="#?secret="+t,e.setAttribute("data-secret",t)),e.contentWindow.postMessage({message:"ready",secret:t},"*")},!1)))}(window,document);
//# sourceURL=https://akunq.net/turkish/wp-includes/js/wp-embed.min.js
</script>

Türkler itiraz etti, Kanadalı diplomatın mezarı taşındı.  Muğla&#8217;nın Bodrum İlçesi&#8217;ne 6 yıl önce yerleşen Alman asıllı Kanadalı emekli diplomat Hans Himmelbach, ekim ayında yaşamını yitirince, vasiyeti gereği Türk eşi tarafından Torba Mezarlığı&#8217;na defnedildi. Ancak çevreden gelen &#8221;Müslüman mezarlığında Hristiyan olmaz&#8221; tepkisi üzerine Himmelbach&#8217;ın mezarı, mezarlığın ücra bir köşesine taşındı. Alman asıllı Kanadalı emekli diplomat Hans [&hellip;]
