{"version":"1.0","provider_name":"Bati Ermenistan Ve Bati Ermenileri Sorunlari Ara\u015ftirmalar Merkezi","provider_url":"https:\/\/akunq.net\/turkish","author_name":"kalem","author_url":"https:\/\/akunq.net\/turkish\/author\/kalem\/","title":"Hamile Ermeni kad\u0131n T\u00fcrkiye\u2019de \u00f6ld\u00fcr\u00fcld\u00fc - Bati Ermenistan Ve Bati Ermenileri Sorunlari Ara\u015ftirmalar Merkezi","type":"rich","width":600,"height":338,"html":"<blockquote class=\"wp-embedded-content\" data-secret=\"AQJSzulxpj\"><a href=\"https:\/\/akunq.net\/turkish\/2010\/08\/09\/hamile-ermeni-kadin-turkiyede-olduruldu\/\">Hamile Ermeni kad\u0131n T\u00fcrkiye\u2019de \u00f6ld\u00fcr\u00fcld\u00fc<\/a><\/blockquote><iframe sandbox=\"allow-scripts\" security=\"restricted\" src=\"https:\/\/akunq.net\/turkish\/2010\/08\/09\/hamile-ermeni-kadin-turkiyede-olduruldu\/embed\/#?secret=AQJSzulxpj\" width=\"600\" height=\"338\" title=\"&#8220;Hamile Ermeni kad\u0131n T\u00fcrkiye\u2019de \u00f6ld\u00fcr\u00fcld\u00fc&#8221; &#8212; Bati Ermenistan Ve Bati Ermenileri Sorunlari Ara\u015ftirmalar Merkezi\" data-secret=\"AQJSzulxpj\" frameborder=\"0\" marginwidth=\"0\" marginheight=\"0\" scrolling=\"no\" class=\"wp-embedded-content\"><\/iframe><script>\n\/*! This file is auto-generated *\/\n!function(d,l){\"use strict\";l.querySelector&&d.addEventListener&&\"undefined\"!=typeof URL&&(d.wp=d.wp||{},d.wp.receiveEmbedMessage||(d.wp.receiveEmbedMessage=function(e){var t=e.data;if((t||t.secret||t.message||t.value)&&!\/[^a-zA-Z0-9]\/.test(t.secret)){for(var s,r,n,a=l.querySelectorAll('iframe[data-secret=\"'+t.secret+'\"]'),o=l.querySelectorAll('blockquote[data-secret=\"'+t.secret+'\"]'),c=new RegExp(\"^https?:$\",\"i\"),i=0;i<o.length;i++)o[i].style.display=\"none\";for(i=0;i<a.length;i++)s=a[i],e.source===s.contentWindow&&(s.removeAttribute(\"style\"),\"height\"===t.message?(1e3<(r=parseInt(t.value,10))?r=1e3:~~r<200&&(r=200),s.height=r):\"link\"===t.message&&(r=new URL(s.getAttribute(\"src\")),n=new URL(t.value),c.test(n.protocol))&&n.host===r.host&&l.activeElement===s&&(d.top.location.href=t.value))}},d.addEventListener(\"message\",d.wp.receiveEmbedMessage,!1),l.addEventListener(\"DOMContentLoaded\",function(){for(var e,t,s=l.querySelectorAll(\"iframe.wp-embedded-content\"),r=0;r<s.length;r++)(t=(e=s[r]).getAttribute(\"data-secret\"))||(t=Math.random().toString(36).substring(2,12),e.src+=\"#?secret=\"+t,e.setAttribute(\"data-secret\",t)),e.contentWindow.postMessage({message:\"ready\",secret:t},\"*\")},!1)))}(window,document);\n\/\/# sourceURL=https:\/\/akunq.net\/turkish\/wp-includes\/js\/wp-embed.min.js\n<\/script>\n","description":"K\u0131sa bir s\u00fcre \u00f6nce kaybolan Ermenisan vatanda\u015f\u0131 Anna Davtyan T\u00fcrkiye\u2019de \u00f6l\u00fc bulundu. T\u00fcrkiye\u2019de yay\u0131mlanan Sabah gazetesi 28 Temmuz say\u0131s\u0131nda 29 ya\u015f\u0131ndaki Anna Davtyna\u2019\u0131n kayboldu\u011fu haberini vermi\u015fti. \u00c7arentsavan sakini Anna, 6 ayl\u0131k hamileydi. Birka\u00e7 g\u00fcn \u00f6nce, Ermeni gen\u00e7 bayan\u0131n cesedinin Antalya\u2019da bulundu\u011fu haberleri yay\u0131lm\u0131\u015ft\u0131. \u00c7arentsavan belediye ba\u015fkan\u0131 Hakob \u015eahgaldyan \u2018\u00d6zg\u00fcrl\u00fck Radyosu\u2019na yapt\u0131\u011f\u0131 a\u00e7\u0131klamada, k\u0131z\u0131n\u0131 bulmak amac\u0131yla [&hellip;]"}

Bati Ermenistan Ve Bati Ermenileri Sorunlari Araştirmalar Merkezi

Hamile Ermeni kadın Türkiye’de öldürüldü - Bati Ermenistan Ve Bati Ermenileri Sorunlari Araştirmalar Merkezi

<blockquote class="wp-embedded-content" data-secret="AQJSzulxpj"><a href="https://akunq.net/turkish/2010/08/09/hamile-ermeni-kadin-turkiyede-olduruldu/">Hamile Ermeni kadın Türkiye’de öldürüldü</a></blockquote><iframe sandbox="allow-scripts" security="restricted" src="https://akunq.net/turkish/2010/08/09/hamile-ermeni-kadin-turkiyede-olduruldu/embed/#?secret=AQJSzulxpj" width="600" height="338" title="&#8220;Hamile Ermeni kadın Türkiye’de öldürüldü&#8221; &#8212; Bati Ermenistan Ve Bati Ermenileri Sorunlari Araştirmalar Merkezi" data-secret="AQJSzulxpj" frameborder="0" marginwidth="0" marginheight="0" scrolling="no" class="wp-embedded-content"></iframe><script>
/*! This file is auto-generated */
!function(d,l){"use strict";l.querySelector&&d.addEventListener&&"undefined"!=typeof URL&&(d.wp=d.wp||{},d.wp.receiveEmbedMessage||(d.wp.receiveEmbedMessage=function(e){var t=e.data;if((t||t.secret||t.message||t.value)&&!/[^a-zA-Z0-9]/.test(t.secret)){for(var s,r,n,a=l.querySelectorAll('iframe[data-secret="'+t.secret+'"]'),o=l.querySelectorAll('blockquote[data-secret="'+t.secret+'"]'),c=new RegExp("^https?:$","i"),i=0;i<o.length;i++)o[i].style.display="none";for(i=0;i<a.length;i++)s=a[i],e.source===s.contentWindow&&(s.removeAttribute("style"),"height"===t.message?(1e3<(r=parseInt(t.value,10))?r=1e3:~~r<200&&(r=200),s.height=r):"link"===t.message&&(r=new URL(s.getAttribute("src")),n=new URL(t.value),c.test(n.protocol))&&n.host===r.host&&l.activeElement===s&&(d.top.location.href=t.value))}},d.addEventListener("message",d.wp.receiveEmbedMessage,!1),l.addEventListener("DOMContentLoaded",function(){for(var e,t,s=l.querySelectorAll("iframe.wp-embedded-content"),r=0;r<s.length;r++)(t=(e=s[r]).getAttribute("data-secret"))||(t=Math.random().toString(36).substring(2,12),e.src+="#?secret="+t,e.setAttribute("data-secret",t)),e.contentWindow.postMessage({message:"ready",secret:t},"*")},!1)))}(window,document);
//# sourceURL=https://akunq.net/turkish/wp-includes/js/wp-embed.min.js
</script>

Kısa bir süre önce kaybolan Ermenisan vatandaşı Anna Davtyan Türkiye’de ölü bulundu. Türkiye’de yayımlanan Sabah gazetesi 28 Temmuz sayısında 29 yaşındaki Anna Davtyna’ın kaybolduğu haberini vermişti. Çarentsavan sakini Anna, 6 aylık hamileydi. Birkaç gün önce, Ermeni genç bayanın cesedinin Antalya’da bulunduğu haberleri yayılmıştı. Çarentsavan belediye başkanı Hakob Şahgaldyan ‘Özgürlük Radyosu’na yaptığı açıklamada, kızını bulmak amacıyla [&hellip;]
