{"version":"1.0","provider_name":"Bati Ermenistan Ve Bati Ermenileri Sorunlari Ara\u015ftirmalar Merkezi","provider_url":"https:\/\/akunq.net\/turkish","author_name":"kalem","author_url":"https:\/\/akunq.net\/turkish\/author\/kalem\/","title":"Bakan G\u00fcnay Saroyan M\u00fczesini Mezara G\u00f6md\u00fc - Bati Ermenistan Ve Bati Ermenileri Sorunlari Ara\u015ftirmalar Merkezi","type":"rich","width":600,"height":338,"html":"<blockquote class=\"wp-embedded-content\" data-secret=\"zmeOuO7JL4\"><a href=\"https:\/\/akunq.net\/turkish\/2010\/06\/24\/bakan-gunay-saroyan-muzesini-mezara-gomdu\/\">Bakan G\u00fcnay Saroyan M\u00fczesini Mezara G\u00f6md\u00fc<\/a><\/blockquote><iframe sandbox=\"allow-scripts\" security=\"restricted\" src=\"https:\/\/akunq.net\/turkish\/2010\/06\/24\/bakan-gunay-saroyan-muzesini-mezara-gomdu\/embed\/#?secret=zmeOuO7JL4\" width=\"600\" height=\"338\" title=\"&#8220;Bakan G\u00fcnay Saroyan M\u00fczesini Mezara G\u00f6md\u00fc&#8221; &#8212; Bati Ermenistan Ve Bati Ermenileri Sorunlari Ara\u015ftirmalar Merkezi\" data-secret=\"zmeOuO7JL4\" frameborder=\"0\" marginwidth=\"0\" marginheight=\"0\" scrolling=\"no\" class=\"wp-embedded-content\"><\/iframe><script>\n\/*! This file is auto-generated *\/\n!function(d,l){\"use strict\";l.querySelector&&d.addEventListener&&\"undefined\"!=typeof URL&&(d.wp=d.wp||{},d.wp.receiveEmbedMessage||(d.wp.receiveEmbedMessage=function(e){var t=e.data;if((t||t.secret||t.message||t.value)&&!\/[^a-zA-Z0-9]\/.test(t.secret)){for(var s,r,n,a=l.querySelectorAll('iframe[data-secret=\"'+t.secret+'\"]'),o=l.querySelectorAll('blockquote[data-secret=\"'+t.secret+'\"]'),c=new RegExp(\"^https?:$\",\"i\"),i=0;i<o.length;i++)o[i].style.display=\"none\";for(i=0;i<a.length;i++)s=a[i],e.source===s.contentWindow&&(s.removeAttribute(\"style\"),\"height\"===t.message?(1e3<(r=parseInt(t.value,10))?r=1e3:~~r<200&&(r=200),s.height=r):\"link\"===t.message&&(r=new URL(s.getAttribute(\"src\")),n=new URL(t.value),c.test(n.protocol))&&n.host===r.host&&l.activeElement===s&&(d.top.location.href=t.value))}},d.addEventListener(\"message\",d.wp.receiveEmbedMessage,!1),l.addEventListener(\"DOMContentLoaded\",function(){for(var e,t,s=l.querySelectorAll(\"iframe.wp-embedded-content\"),r=0;r<s.length;r++)(t=(e=s[r]).getAttribute(\"data-secret\"))||(t=Math.random().toString(36).substring(2,12),e.src+=\"#?secret=\"+t,e.setAttribute(\"data-secret\",t)),e.contentWindow.postMessage({message:\"ready\",secret:t},\"*\")},!1)))}(window,document);\n\/\/# sourceURL=https:\/\/akunq.net\/turkish\/wp-includes\/js\/wp-embed.min.js\n<\/script>\n","description":"Deng\u00e9 Bitlis Gazetesinin yapt\u0131\u011f\u0131 bilgi edinme ba\u015fvurusuna &#8220;T.C. K\u00fclt\u00fcr ve Turizm Bakanl\u0131\u011f\u0131 Strateji Geli\u015ftirme Ba\u015fkanl\u0131\u011f\u0131&#8221; taraf\u0131ndan cevap verilerek, &#8220;Saroyan\u2019\u0131n ya\u015fad\u0131\u011f\u0131 evi bilen kimsenin bulunamad\u0131\u011f\u0131, Tapu Kadastro M\u00fcd\u00fcrl\u00fc\u011f\u00fc ile yap\u0131lan yaz\u0131\u015fmalar neticesinde de her hangi bir tapu kayd\u0131na rastlanamamas\u0131 nedeniyle Bakanl\u0131k taraf\u0131ndan hi\u00e7bir \u00e7al\u0131\u015fman\u0131n yap\u0131lamayaca\u011f\u0131&#8221; belirtildi. Saroyan Ailesi&#8217;nin ya\u015fam\u0131\u015f oldu\u011fu Bitlis\u2019te Saroyan M\u00fczesi kurulaca\u011f\u0131n\u0131 vaat eden [&hellip;]"}

Bati Ermenistan Ve Bati Ermenileri Sorunlari Araştirmalar Merkezi

Bakan Günay Saroyan Müzesini Mezara Gömdü - Bati Ermenistan Ve Bati Ermenileri Sorunlari Araştirmalar Merkezi

<blockquote class="wp-embedded-content" data-secret="zmeOuO7JL4"><a href="https://akunq.net/turkish/2010/06/24/bakan-gunay-saroyan-muzesini-mezara-gomdu/">Bakan Günay Saroyan Müzesini Mezara Gömdü</a></blockquote><iframe sandbox="allow-scripts" security="restricted" src="https://akunq.net/turkish/2010/06/24/bakan-gunay-saroyan-muzesini-mezara-gomdu/embed/#?secret=zmeOuO7JL4" width="600" height="338" title="&#8220;Bakan Günay Saroyan Müzesini Mezara Gömdü&#8221; &#8212; Bati Ermenistan Ve Bati Ermenileri Sorunlari Araştirmalar Merkezi" data-secret="zmeOuO7JL4" frameborder="0" marginwidth="0" marginheight="0" scrolling="no" class="wp-embedded-content"></iframe><script>
/*! This file is auto-generated */
!function(d,l){"use strict";l.querySelector&&d.addEventListener&&"undefined"!=typeof URL&&(d.wp=d.wp||{},d.wp.receiveEmbedMessage||(d.wp.receiveEmbedMessage=function(e){var t=e.data;if((t||t.secret||t.message||t.value)&&!/[^a-zA-Z0-9]/.test(t.secret)){for(var s,r,n,a=l.querySelectorAll('iframe[data-secret="'+t.secret+'"]'),o=l.querySelectorAll('blockquote[data-secret="'+t.secret+'"]'),c=new RegExp("^https?:$","i"),i=0;i<o.length;i++)o[i].style.display="none";for(i=0;i<a.length;i++)s=a[i],e.source===s.contentWindow&&(s.removeAttribute("style"),"height"===t.message?(1e3<(r=parseInt(t.value,10))?r=1e3:~~r<200&&(r=200),s.height=r):"link"===t.message&&(r=new URL(s.getAttribute("src")),n=new URL(t.value),c.test(n.protocol))&&n.host===r.host&&l.activeElement===s&&(d.top.location.href=t.value))}},d.addEventListener("message",d.wp.receiveEmbedMessage,!1),l.addEventListener("DOMContentLoaded",function(){for(var e,t,s=l.querySelectorAll("iframe.wp-embedded-content"),r=0;r<s.length;r++)(t=(e=s[r]).getAttribute("data-secret"))||(t=Math.random().toString(36).substring(2,12),e.src+="#?secret="+t,e.setAttribute("data-secret",t)),e.contentWindow.postMessage({message:"ready",secret:t},"*")},!1)))}(window,document);
//# sourceURL=https://akunq.net/turkish/wp-includes/js/wp-embed.min.js
</script>

Dengé Bitlis Gazetesinin yaptığı bilgi edinme başvurusuna &#8220;T.C. Kültür ve Turizm Bakanlığı Strateji Geliştirme Başkanlığı&#8221; tarafından cevap verilerek, &#8220;Saroyan’ın yaşadığı evi bilen kimsenin bulunamadığı, Tapu Kadastro Müdürlüğü ile yapılan yazışmalar neticesinde de her hangi bir tapu kaydına rastlanamaması nedeniyle Bakanlık tarafından hiçbir çalışmanın yapılamayacağı&#8221; belirtildi. Saroyan Ailesi&#8217;nin yaşamış olduğu Bitlis’te Saroyan Müzesi kurulacağını vaat eden [&hellip;]
