{"version":"1.0","provider_name":"Bati Ermenistan Ve Bati Ermenileri Sorunlari Ara\u015ftirmalar Merkezi","provider_url":"https:\/\/akunq.net\/turkish","author_name":"kalem","author_url":"https:\/\/akunq.net\/turkish\/author\/kalem\/","title":"S\u0131rada Ermenice-T\u00fcrk\u00e7e konu\u015fma k\u0131lavuzu var - Bati Ermenistan Ve Bati Ermenileri Sorunlari Ara\u015ftirmalar Merkezi","type":"rich","width":600,"height":338,"html":"<blockquote class=\"wp-embedded-content\" data-secret=\"I7J7HXsjjl\"><a href=\"https:\/\/akunq.net\/turkish\/2010\/05\/06\/sirada-ermenice-turkce-konusma-kilavuzu-var\/\">S\u0131rada Ermenice-T\u00fcrk\u00e7e konu\u015fma k\u0131lavuzu var<\/a><\/blockquote><iframe sandbox=\"allow-scripts\" security=\"restricted\" src=\"https:\/\/akunq.net\/turkish\/2010\/05\/06\/sirada-ermenice-turkce-konusma-kilavuzu-var\/embed\/#?secret=I7J7HXsjjl\" width=\"600\" height=\"338\" title=\"&#8220;S\u0131rada Ermenice-T\u00fcrk\u00e7e konu\u015fma k\u0131lavuzu var&#8221; &#8212; Bati Ermenistan Ve Bati Ermenileri Sorunlari Ara\u015ftirmalar Merkezi\" data-secret=\"I7J7HXsjjl\" frameborder=\"0\" marginwidth=\"0\" marginheight=\"0\" scrolling=\"no\" class=\"wp-embedded-content\"><\/iframe><script>\n\/*! This file is auto-generated *\/\n!function(d,l){\"use strict\";l.querySelector&&d.addEventListener&&\"undefined\"!=typeof URL&&(d.wp=d.wp||{},d.wp.receiveEmbedMessage||(d.wp.receiveEmbedMessage=function(e){var t=e.data;if((t||t.secret||t.message||t.value)&&!\/[^a-zA-Z0-9]\/.test(t.secret)){for(var s,r,n,a=l.querySelectorAll('iframe[data-secret=\"'+t.secret+'\"]'),o=l.querySelectorAll('blockquote[data-secret=\"'+t.secret+'\"]'),c=new RegExp(\"^https?:$\",\"i\"),i=0;i<o.length;i++)o[i].style.display=\"none\";for(i=0;i<a.length;i++)s=a[i],e.source===s.contentWindow&&(s.removeAttribute(\"style\"),\"height\"===t.message?(1e3<(r=parseInt(t.value,10))?r=1e3:~~r<200&&(r=200),s.height=r):\"link\"===t.message&&(r=new URL(s.getAttribute(\"src\")),n=new URL(t.value),c.test(n.protocol))&&n.host===r.host&&l.activeElement===s&&(d.top.location.href=t.value))}},d.addEventListener(\"message\",d.wp.receiveEmbedMessage,!1),l.addEventListener(\"DOMContentLoaded\",function(){for(var e,t,s=l.querySelectorAll(\"iframe.wp-embedded-content\"),r=0;r<s.length;r++)(t=(e=s[r]).getAttribute(\"data-secret\"))||(t=Math.random().toString(36).substring(2,12),e.src+=\"#?secret=\"+t,e.setAttribute(\"data-secret\",t)),e.contentWindow.postMessage({message:\"ready\",secret:t},\"*\")},!1)))}(window,document);\n\/\/# sourceURL=https:\/\/akunq.net\/turkish\/wp-includes\/js\/wp-embed.min.js\n<\/script>\n","description":"T\u00fcrk Dil Kurumu (TDK) taraf\u0131ndan haz\u0131rlanan Ermenice-T\u00fcrk\u00e7e \/ T\u00fcrk\u00e7e-Ermenice S\u00f6zl\u00fck b\u00fcy\u00fck ilgi g\u00f6rd\u00fc. TDK Ba\u015fkan\u0131 Prof. Dr. \u015e\u00fckr\u00fc Hal\u00fbk Akal\u0131n, s\u00f6zl\u00fc\u011f\u00fcn ser\u00fcveninden s\u00f6z ederken birka\u00e7 yeni s\u00f6zl\u00fckle birlikte T\u00fcrk\u00e7e-Ermenice konu\u015fma k\u0131lavuzunun haz\u0131rland\u0131\u011f\u0131n\u0131 da s\u00f6yledi. Prof. Akal\u0131n, Ermeni dilcilerin T\u00fcrk diline b\u00fcy\u00fck emek verdi\u011fini hat\u0131rlatarak, Agop Dila\u00e7ar\u2019\u0131n ser\u00fcvenini de anlatt\u0131. Ermenice-T\u00fcrk\u00e7e, T\u00fcrk\u00e7e-Ermenice s\u00f6zl\u00fc\u011f\u00fcn yay\u0131mlanmas\u0131 nas\u0131l g\u00fcndeme [&hellip;]"}

Bati Ermenistan Ve Bati Ermenileri Sorunlari Araştirmalar Merkezi

Sırada Ermenice-Türkçe konuşma kılavuzu var - Bati Ermenistan Ve Bati Ermenileri Sorunlari Araştirmalar Merkezi

<blockquote class="wp-embedded-content" data-secret="I7J7HXsjjl"><a href="https://akunq.net/turkish/2010/05/06/sirada-ermenice-turkce-konusma-kilavuzu-var/">Sırada Ermenice-Türkçe konuşma kılavuzu var</a></blockquote><iframe sandbox="allow-scripts" security="restricted" src="https://akunq.net/turkish/2010/05/06/sirada-ermenice-turkce-konusma-kilavuzu-var/embed/#?secret=I7J7HXsjjl" width="600" height="338" title="&#8220;Sırada Ermenice-Türkçe konuşma kılavuzu var&#8221; &#8212; Bati Ermenistan Ve Bati Ermenileri Sorunlari Araştirmalar Merkezi" data-secret="I7J7HXsjjl" frameborder="0" marginwidth="0" marginheight="0" scrolling="no" class="wp-embedded-content"></iframe><script>
/*! This file is auto-generated */
!function(d,l){"use strict";l.querySelector&&d.addEventListener&&"undefined"!=typeof URL&&(d.wp=d.wp||{},d.wp.receiveEmbedMessage||(d.wp.receiveEmbedMessage=function(e){var t=e.data;if((t||t.secret||t.message||t.value)&&!/[^a-zA-Z0-9]/.test(t.secret)){for(var s,r,n,a=l.querySelectorAll('iframe[data-secret="'+t.secret+'"]'),o=l.querySelectorAll('blockquote[data-secret="'+t.secret+'"]'),c=new RegExp("^https?:$","i"),i=0;i<o.length;i++)o[i].style.display="none";for(i=0;i<a.length;i++)s=a[i],e.source===s.contentWindow&&(s.removeAttribute("style"),"height"===t.message?(1e3<(r=parseInt(t.value,10))?r=1e3:~~r<200&&(r=200),s.height=r):"link"===t.message&&(r=new URL(s.getAttribute("src")),n=new URL(t.value),c.test(n.protocol))&&n.host===r.host&&l.activeElement===s&&(d.top.location.href=t.value))}},d.addEventListener("message",d.wp.receiveEmbedMessage,!1),l.addEventListener("DOMContentLoaded",function(){for(var e,t,s=l.querySelectorAll("iframe.wp-embedded-content"),r=0;r<s.length;r++)(t=(e=s[r]).getAttribute("data-secret"))||(t=Math.random().toString(36).substring(2,12),e.src+="#?secret="+t,e.setAttribute("data-secret",t)),e.contentWindow.postMessage({message:"ready",secret:t},"*")},!1)))}(window,document);
//# sourceURL=https://akunq.net/turkish/wp-includes/js/wp-embed.min.js
</script>

Türk Dil Kurumu (TDK) tarafından hazırlanan Ermenice-Türkçe / Türkçe-Ermenice Sözlük büyük ilgi gördü. TDK Başkanı Prof. Dr. Şükrü Halûk Akalın, sözlüğün serüveninden söz ederken birkaç yeni sözlükle birlikte Türkçe-Ermenice konuşma kılavuzunun hazırlandığını da söyledi. Prof. Akalın, Ermeni dilcilerin Türk diline büyük emek verdiğini hatırlatarak, Agop Dilaçar’ın serüvenini de anlattı. Ermenice-Türkçe, Türkçe-Ermenice sözlüğün yayımlanması nasıl gündeme [&hellip;]
