{"version":"1.0","provider_name":"Bati Ermenistan Ve Bati Ermenileri Sorunlari Ara\u015ftirmalar Merkezi","provider_url":"https:\/\/akunq.net\/turkish","author_name":"kalem","author_url":"https:\/\/akunq.net\/turkish\/author\/kalem\/","title":"Suriye \u00e7\u00f6l\u00fcn\u00fcn ortas\u0131nda bir 24 Nisan... Cengiz \u00c7andar - Bati Ermenistan Ve Bati Ermenileri Sorunlari Ara\u015ftirmalar Merkezi","type":"rich","width":600,"height":338,"html":"<blockquote class=\"wp-embedded-content\" data-secret=\"ieLkL4VHD0\"><a href=\"https:\/\/akunq.net\/turkish\/2010\/04\/28\/suriye-colunun-ortasinda-bir-24-nisan-cengiz-candar\/\">Suriye \u00e7\u00f6l\u00fcn\u00fcn ortas\u0131nda bir 24 Nisan&#8230; Cengiz \u00c7andar<\/a><\/blockquote><iframe sandbox=\"allow-scripts\" security=\"restricted\" src=\"https:\/\/akunq.net\/turkish\/2010\/04\/28\/suriye-colunun-ortasinda-bir-24-nisan-cengiz-candar\/embed\/#?secret=ieLkL4VHD0\" width=\"600\" height=\"338\" title=\"&#8220;Suriye \u00e7\u00f6l\u00fcn\u00fcn ortas\u0131nda bir 24 Nisan&#8230; Cengiz \u00c7andar&#8221; &#8212; Bati Ermenistan Ve Bati Ermenileri Sorunlari Ara\u015ftirmalar Merkezi\" data-secret=\"ieLkL4VHD0\" frameborder=\"0\" marginwidth=\"0\" marginheight=\"0\" scrolling=\"no\" class=\"wp-embedded-content\"><\/iframe><script>\n\/*! This file is auto-generated *\/\n!function(d,l){\"use strict\";l.querySelector&&d.addEventListener&&\"undefined\"!=typeof URL&&(d.wp=d.wp||{},d.wp.receiveEmbedMessage||(d.wp.receiveEmbedMessage=function(e){var t=e.data;if((t||t.secret||t.message||t.value)&&!\/[^a-zA-Z0-9]\/.test(t.secret)){for(var s,r,n,a=l.querySelectorAll('iframe[data-secret=\"'+t.secret+'\"]'),o=l.querySelectorAll('blockquote[data-secret=\"'+t.secret+'\"]'),c=new RegExp(\"^https?:$\",\"i\"),i=0;i<o.length;i++)o[i].style.display=\"none\";for(i=0;i<a.length;i++)s=a[i],e.source===s.contentWindow&&(s.removeAttribute(\"style\"),\"height\"===t.message?(1e3<(r=parseInt(t.value,10))?r=1e3:~~r<200&&(r=200),s.height=r):\"link\"===t.message&&(r=new URL(s.getAttribute(\"src\")),n=new URL(t.value),c.test(n.protocol))&&n.host===r.host&&l.activeElement===s&&(d.top.location.href=t.value))}},d.addEventListener(\"message\",d.wp.receiveEmbedMessage,!1),l.addEventListener(\"DOMContentLoaded\",function(){for(var e,t,s=l.querySelectorAll(\"iframe.wp-embedded-content\"),r=0;r<s.length;r++)(t=(e=s[r]).getAttribute(\"data-secret\"))||(t=Math.random().toString(36).substring(2,12),e.src+=\"#?secret=\"+t,e.setAttribute(\"data-secret\",t)),e.contentWindow.postMessage({message:\"ready\",secret:t},\"*\")},!1)))}(window,document);\n\/\/# sourceURL=https:\/\/akunq.net\/turkish\/wp-includes\/js\/wp-embed.min.js\n<\/script>\n","description":"Bu sat\u0131rlar\u0131 Suriye \u00e7\u00f6l\u00fcn\u00fcn ortalar\u0131nda bir yerde yaz\u0131yorum. \u0130stanbul\u2019da ilk kez T\u00fcrklerin \u201824 Nisan anmas\u0131\u2019n\u0131n nas\u0131l sonu\u00e7lanaca\u011f\u0131na ya da sonu\u00e7lanm\u0131\u015f olaca\u011f\u0131na- ili\u015fkin hi\u00e7bir bilgim yok. Taksim Meydan\u0131\u2019ndaki toplant\u0131 saat 19:00\u2019da ba\u015flayacakt\u0131. Haydarpa\u015fa Gar\u0131\u2019nda \u00f6\u011fle saatlerindeki toplant\u0131n\u0131n nisbeten \u2018vukuats\u0131z\u2019 ge\u00e7ti\u011fini \u00f6\u011frenmi\u015ftim. Obama\u2019n\u0131n ne dedi\u011finden de haberim yok. Onunla me\u015fgul de de\u011filim. Suriye \u00c7\u00f6l\u00fc\u2019nde yol al\u0131rken, \u0130stanbul\u2019daki [&hellip;]"}

Bati Ermenistan Ve Bati Ermenileri Sorunlari Araştirmalar Merkezi

Suriye çölünün ortasında bir 24 Nisan... Cengiz Çandar - Bati Ermenistan Ve Bati Ermenileri Sorunlari Araştirmalar Merkezi

<blockquote class="wp-embedded-content" data-secret="ieLkL4VHD0"><a href="https://akunq.net/turkish/2010/04/28/suriye-colunun-ortasinda-bir-24-nisan-cengiz-candar/">Suriye çölünün ortasında bir 24 Nisan&#8230; Cengiz Çandar</a></blockquote><iframe sandbox="allow-scripts" security="restricted" src="https://akunq.net/turkish/2010/04/28/suriye-colunun-ortasinda-bir-24-nisan-cengiz-candar/embed/#?secret=ieLkL4VHD0" width="600" height="338" title="&#8220;Suriye çölünün ortasında bir 24 Nisan&#8230; Cengiz Çandar&#8221; &#8212; Bati Ermenistan Ve Bati Ermenileri Sorunlari Araştirmalar Merkezi" data-secret="ieLkL4VHD0" frameborder="0" marginwidth="0" marginheight="0" scrolling="no" class="wp-embedded-content"></iframe><script>
/*! This file is auto-generated */
!function(d,l){"use strict";l.querySelector&&d.addEventListener&&"undefined"!=typeof URL&&(d.wp=d.wp||{},d.wp.receiveEmbedMessage||(d.wp.receiveEmbedMessage=function(e){var t=e.data;if((t||t.secret||t.message||t.value)&&!/[^a-zA-Z0-9]/.test(t.secret)){for(var s,r,n,a=l.querySelectorAll('iframe[data-secret="'+t.secret+'"]'),o=l.querySelectorAll('blockquote[data-secret="'+t.secret+'"]'),c=new RegExp("^https?:$","i"),i=0;i<o.length;i++)o[i].style.display="none";for(i=0;i<a.length;i++)s=a[i],e.source===s.contentWindow&&(s.removeAttribute("style"),"height"===t.message?(1e3<(r=parseInt(t.value,10))?r=1e3:~~r<200&&(r=200),s.height=r):"link"===t.message&&(r=new URL(s.getAttribute("src")),n=new URL(t.value),c.test(n.protocol))&&n.host===r.host&&l.activeElement===s&&(d.top.location.href=t.value))}},d.addEventListener("message",d.wp.receiveEmbedMessage,!1),l.addEventListener("DOMContentLoaded",function(){for(var e,t,s=l.querySelectorAll("iframe.wp-embedded-content"),r=0;r<s.length;r++)(t=(e=s[r]).getAttribute("data-secret"))||(t=Math.random().toString(36).substring(2,12),e.src+="#?secret="+t,e.setAttribute("data-secret",t)),e.contentWindow.postMessage({message:"ready",secret:t},"*")},!1)))}(window,document);
//# sourceURL=https://akunq.net/turkish/wp-includes/js/wp-embed.min.js
</script>

Bu satırları Suriye çölünün ortalarında bir yerde yazıyorum. İstanbul’da ilk kez Türklerin ‘24 Nisan anması’nın nasıl sonuçlanacağına ya da sonuçlanmış olacağına- ilişkin hiçbir bilgim yok. Taksim Meydanı’ndaki toplantı saat 19:00’da başlayacaktı. Haydarpaşa Garı’nda öğle saatlerindeki toplantının nisbeten ‘vukuatsız’ geçtiğini öğrenmiştim. Obama’nın ne dediğinden de haberim yok. Onunla meşgul de değilim. Suriye Çölü’nde yol alırken, İstanbul’daki [&hellip;]
