{"version":"1.0","provider_name":"Bati Ermenistan Ve Bati Ermenileri Sorunlari Ara\u015ftirmalar Merkezi","provider_url":"https:\/\/akunq.net\/turkish","author_name":"kalem","author_url":"https:\/\/akunq.net\/turkish\/author\/kalem\/","title":"103 y\u0131ll\u0131k Ermenice-T\u00fcrk\u00e7e s\u00f6zl\u00fc\u011f\u00fcn asl\u0131 yay\u0131mland\u0131 - Bati Ermenistan Ve Bati Ermenileri Sorunlari Ara\u015ftirmalar Merkezi","type":"rich","width":600,"height":338,"html":"<blockquote class=\"wp-embedded-content\" data-secret=\"zMl0vFb1pk\"><a href=\"https:\/\/akunq.net\/turkish\/2010\/04\/26\/103-yillik-ermenice-turkce-sozlugun-asli-yayimlandi\/\">103 y\u0131ll\u0131k Ermenice-T\u00fcrk\u00e7e s\u00f6zl\u00fc\u011f\u00fcn asl\u0131 yay\u0131mland\u0131<\/a><\/blockquote><iframe sandbox=\"allow-scripts\" security=\"restricted\" src=\"https:\/\/akunq.net\/turkish\/2010\/04\/26\/103-yillik-ermenice-turkce-sozlugun-asli-yayimlandi\/embed\/#?secret=zMl0vFb1pk\" width=\"600\" height=\"338\" title=\"&#8220;103 y\u0131ll\u0131k Ermenice-T\u00fcrk\u00e7e s\u00f6zl\u00fc\u011f\u00fcn asl\u0131 yay\u0131mland\u0131&#8221; &#8212; Bati Ermenistan Ve Bati Ermenileri Sorunlari Ara\u015ftirmalar Merkezi\" data-secret=\"zMl0vFb1pk\" frameborder=\"0\" marginwidth=\"0\" marginheight=\"0\" scrolling=\"no\" class=\"wp-embedded-content\"><\/iframe><script>\n\/*! This file is auto-generated *\/\n!function(d,l){\"use strict\";l.querySelector&&d.addEventListener&&\"undefined\"!=typeof URL&&(d.wp=d.wp||{},d.wp.receiveEmbedMessage||(d.wp.receiveEmbedMessage=function(e){var t=e.data;if((t||t.secret||t.message||t.value)&&!\/[^a-zA-Z0-9]\/.test(t.secret)){for(var s,r,n,a=l.querySelectorAll('iframe[data-secret=\"'+t.secret+'\"]'),o=l.querySelectorAll('blockquote[data-secret=\"'+t.secret+'\"]'),c=new RegExp(\"^https?:$\",\"i\"),i=0;i<o.length;i++)o[i].style.display=\"none\";for(i=0;i<a.length;i++)s=a[i],e.source===s.contentWindow&&(s.removeAttribute(\"style\"),\"height\"===t.message?(1e3<(r=parseInt(t.value,10))?r=1e3:~~r<200&&(r=200),s.height=r):\"link\"===t.message&&(r=new URL(s.getAttribute(\"src\")),n=new URL(t.value),c.test(n.protocol))&&n.host===r.host&&l.activeElement===s&&(d.top.location.href=t.value))}},d.addEventListener(\"message\",d.wp.receiveEmbedMessage,!1),l.addEventListener(\"DOMContentLoaded\",function(){for(var e,t,s=l.querySelectorAll(\"iframe.wp-embedded-content\"),r=0;r<s.length;r++)(t=(e=s[r]).getAttribute(\"data-secret\"))||(t=Math.random().toString(36).substring(2,12),e.src+=\"#?secret=\"+t,e.setAttribute(\"data-secret\",t)),e.contentWindow.postMessage({message:\"ready\",secret:t},\"*\")},!1)))}(window,document);\n\/\/# sourceURL=https:\/\/akunq.net\/turkish\/wp-includes\/js\/wp-embed.min.js\n<\/script>\n","description":"TDK, 1907 ve 1912 y\u0131llar\u0131nda yay\u0131mlanan Ermenice-T\u00fcrk\u00e7e M\u00fckemmel L\u00fcgat ile T\u00fcrk\u00e7e-Ermenice M\u00fckemmel L\u00fcgat&#8217;\u0131n t\u0131pk\u0131bas\u0131m\u0131n\u0131 yay\u0131mlad\u0131. T\u00fcrk Dil Kurumu (TDK), Bedros Zeki taraf\u0131ndan haz\u0131rlanarak 1907 ve 1912 y\u0131llar\u0131nda yay\u0131mlanan Ermenice-T\u00fcrk\u00e7e M\u00fckemmel L\u00fcgat ile T\u00fcrk\u00e7e-Ermenice M\u00fckemmel L\u00fcgat&#8217;i t\u0131pk\u0131bas\u0131m olarak yay\u0131mlad\u0131. TDK Ba\u015fkan\u0131 Prof. Dr. \u015e\u00fckr\u00fc Hal\u00fbk Akal\u0131n, Ermenice s\u00f6zl\u00fck haz\u0131rlamakta gecikildi\u011fini s\u00f6ylerken, y\u00fcr\u00fct\u00fclen s\u00f6zl\u00fck \u00e7al\u0131\u015fmalar\u0131na da kaynakl\u0131k [&hellip;]"}

Bati Ermenistan Ve Bati Ermenileri Sorunlari Araştirmalar Merkezi

103 yıllık Ermenice-Türkçe sözlüğün aslı yayımlandı - Bati Ermenistan Ve Bati Ermenileri Sorunlari Araştirmalar Merkezi

<blockquote class="wp-embedded-content" data-secret="zMl0vFb1pk"><a href="https://akunq.net/turkish/2010/04/26/103-yillik-ermenice-turkce-sozlugun-asli-yayimlandi/">103 yıllık Ermenice-Türkçe sözlüğün aslı yayımlandı</a></blockquote><iframe sandbox="allow-scripts" security="restricted" src="https://akunq.net/turkish/2010/04/26/103-yillik-ermenice-turkce-sozlugun-asli-yayimlandi/embed/#?secret=zMl0vFb1pk" width="600" height="338" title="&#8220;103 yıllık Ermenice-Türkçe sözlüğün aslı yayımlandı&#8221; &#8212; Bati Ermenistan Ve Bati Ermenileri Sorunlari Araştirmalar Merkezi" data-secret="zMl0vFb1pk" frameborder="0" marginwidth="0" marginheight="0" scrolling="no" class="wp-embedded-content"></iframe><script>
/*! This file is auto-generated */
!function(d,l){"use strict";l.querySelector&&d.addEventListener&&"undefined"!=typeof URL&&(d.wp=d.wp||{},d.wp.receiveEmbedMessage||(d.wp.receiveEmbedMessage=function(e){var t=e.data;if((t||t.secret||t.message||t.value)&&!/[^a-zA-Z0-9]/.test(t.secret)){for(var s,r,n,a=l.querySelectorAll('iframe[data-secret="'+t.secret+'"]'),o=l.querySelectorAll('blockquote[data-secret="'+t.secret+'"]'),c=new RegExp("^https?:$","i"),i=0;i<o.length;i++)o[i].style.display="none";for(i=0;i<a.length;i++)s=a[i],e.source===s.contentWindow&&(s.removeAttribute("style"),"height"===t.message?(1e3<(r=parseInt(t.value,10))?r=1e3:~~r<200&&(r=200),s.height=r):"link"===t.message&&(r=new URL(s.getAttribute("src")),n=new URL(t.value),c.test(n.protocol))&&n.host===r.host&&l.activeElement===s&&(d.top.location.href=t.value))}},d.addEventListener("message",d.wp.receiveEmbedMessage,!1),l.addEventListener("DOMContentLoaded",function(){for(var e,t,s=l.querySelectorAll("iframe.wp-embedded-content"),r=0;r<s.length;r++)(t=(e=s[r]).getAttribute("data-secret"))||(t=Math.random().toString(36).substring(2,12),e.src+="#?secret="+t,e.setAttribute("data-secret",t)),e.contentWindow.postMessage({message:"ready",secret:t},"*")},!1)))}(window,document);
//# sourceURL=https://akunq.net/turkish/wp-includes/js/wp-embed.min.js
</script>

TDK, 1907 ve 1912 yıllarında yayımlanan Ermenice-Türkçe Mükemmel Lügat ile Türkçe-Ermenice Mükemmel Lügat&#8217;ın tıpkıbasımını yayımladı. Türk Dil Kurumu (TDK), Bedros Zeki tarafından hazırlanarak 1907 ve 1912 yıllarında yayımlanan Ermenice-Türkçe Mükemmel Lügat ile Türkçe-Ermenice Mükemmel Lügat&#8217;i tıpkıbasım olarak yayımladı. TDK Başkanı Prof. Dr. Şükrü Halûk Akalın, Ermenice sözlük hazırlamakta gecikildiğini söylerken, yürütülen sözlük çalışmalarına da kaynaklık [&hellip;]
